e factors of 20781981.
3, 11, 167, 419
List the prime factors of 3625093.
3625093
What are the prime factors of 12900692?
2, 7, 431, 1069
List the prime factors of 145594.
2, 72797
List the prime factors of 5880566.
2, 587, 5009
What are the prime factors of 3919276?
2, 979819
List the prime factors of 3171594.
2, 3, 19, 43, 647
What are the prime factors of 123968?
2, 13, 149
What are the prime factors of 12116235?
3, 5, 807749
What are the prime factors of 137356?
2, 23, 1493
List the prime factors of 1233804.
2, 3, 11, 13, 719
What are the prime factors of 30632?
2, 7, 547
What are the prime factors of 398310?
2, 3, 5, 11, 17, 71
What are the prime factors of 145508?
2, 11, 3307
List the prime factors of 1359481.
241, 5641
What are the prime factors of 496325?
5, 19853
What are the prime factors of 11079119?
11079119
What are the prime factors of 891464?
2, 7, 15919
List the prime factors of 1273981.
1273981
What are the prime factors of 1271792?
2, 101, 787
What are the prime factors of 48941?
109, 449
What are the prime factors of 273306?
2, 3, 11, 41, 101
List the prime factors of 13683609.
3, 1520401
What are the prime factors of 2783149?
31, 89779
List the prime factors of 3355287.
3, 13, 227, 379
What are the prime factors of 99142?
2, 19, 2609
List the prime factors of 405703.
405703
List the prime factors of 142903.
142903
List the prime factors of 1867055.
5, 59, 6329
List the prime factors of 146525.
5, 5861
What are the prime factors of 1698247?
1698247
What are the prime factors of 1334777?
103, 12959
List the prime factors of 5955790.
2, 5, 595579
List the prime factors of 2935108.
2, 11, 41, 1627
What are the prime factors of 413961?
3, 43, 3209
List the prime factors of 7596446.
2, 11, 13, 26561
List the prime factors of 2235033.
3, 41, 673
List the prime factors of 15869998.
2, 7934999
What are the prime factors of 30502590?
2, 3, 5, 17, 59809
List the prime factors of 247330.
2, 5, 24733
List the prime factors of 2782390.
2, 5, 13, 17, 1259
What are the prime factors of 760954?
2, 17, 22381
What are the prime factors of 228496?
2, 14281
List the prime factors of 1390308.
2, 3, 115859
List the prime factors of 404916.
2, 3, 41, 823
What are the prime factors of 2062836?
2, 3, 57301
What are the prime factors of 901561?
17, 181, 293
List the prime factors of 851108.
2, 212777
List the prime factors of 1791372.
2, 3, 11, 41, 331
List the prime factors of 304083.
3, 13, 23, 113
What are the prime factors of 1245081?
3, 173, 2399
What are the prime factors of 563416?
2, 7, 10061
List the prime factors of 110807.
110807
What are the prime factors of 11054746?
2, 229, 24137
List the prime factors of 10805495.
5, 331, 6529
What are the prime factors of 902144?
2, 881
List the prime factors of 5307761.
37, 167, 859
What are the prime factors of 153782?
2, 17, 4523
List the prime factors of 3878088.
2, 3, 349, 463
List the prime factors of 39393779.
23, 619, 2767
What are the prime factors of 8637793?
2243, 3851
List the prime factors of 13389516.
2, 3, 7, 89, 199
List the prime factors of 717442.
2, 11, 32611
List the prime factors of 15520535.
5, 61, 151, 337
What are the prime factors of 268562?
2, 7, 19183
List the prime factors of 1119074.
2, 11, 50867
List the prime factors of 9943491.
3, 29, 37, 3089
List the prime factors of 22104.
2, 3, 307
What are the prime factors of 7054389?
3, 139, 5639
What are the prime factors of 1050592?
2, 32831
List the prime factors of 1099189.
7, 13, 47, 257
What are the prime factors of 1669981?
79, 21139
What are the prime factors of 85011?
3, 43, 659
List the prime factors of 432358.
2, 216179
List the prime factors of 10630218.
2, 3, 103, 167
List the prime factors of 1524205.
5, 223, 1367
What are the prime factors of 344370?
2, 3, 5, 13, 883
What are the prime factors of 544293?
3, 19, 1061
What are the prime factors of 7553071?
127, 59473
What are the prime factors of 1614369?
3, 538123
What are the prime factors of 164492?
2, 17, 41, 59
List the prime factors of 31355851.
3329, 9419
List the prime factors of 89782.
2, 7, 11, 53
What are the prime factors of 6395478?
2, 3, 47, 22679
List the prime factors of 85544.
2, 17, 37
List the prime factors of 897787.
11, 17, 4801
What are the prime factors of 18034194?
2, 3, 659, 4561
What are the prime factors of 191121?
3, 7, 19, 479
What are the prime factors of 10939841?
11, 79, 12589
What are the prime factors of 509550?
2, 3, 5, 43, 79
What are the prime factors of 1502792?
2, 37, 5077
What are the prime factors of 298574?
2, 149287
List the prime factors of 473508.
2, 3, 7, 1879
List the prime factors of 2166977.
2166977
What are the prime factors of 1720570?
2, 5, 17, 29, 349
What are the prime factors of 9396984?
2, 3, 127, 3083
List the prime factors of 1582030.
2, 5, 281, 563
List the prime factors of 729822.
2, 3, 121637
What are the prime factors of 123018?
2, 3, 7, 29, 101
What are the prime factors of 16952787?
3, 97, 6473
List the prime factors of 740727.
3, 13, 487
What are the prime factors of 1127035?
5, 7, 13, 2477
What are the prime factors of 3389659?
7, 13, 193
List the prime factors of 57051.
3, 2113
What are the prime factors of 1407916?
2, 523, 673
What are the prime factors of 3549197?
3549197
What are the prime factors of 12745678?
2, 11, 67, 8647
What are the prime factors of 145233?
3, 11, 163
List the prime factors of 297739.
13, 37, 619
List the prime factors of 25536664.
2, 3192083
What are the prime factors of 49268?
2, 109, 113
List the prime factors of 449063.
167, 2689
What are the prime factors of 441185?
5, 88237
What are the prime factors of 25488834?
2, 3, 7, 149, 4073
List the prime factors of 35390595.
3, 5, 263, 8971
List the prime factors of 261990.
2, 3, 5, 41, 71
List the prime factors of 515453.
23, 73, 307
What are the prime factors of 35630?
2, 5, 7, 509
What are the prime factors of 47516?
2, 7, 1697
List the prime factors of 4113032.
2, 7, 11, 607
List the prime factors of 31351776.
2, 3, 326581
What are the prime factors of 183249?
3, 11, 617
List the prime factors of 366252.
2, 3, 23, 1327
What are the prime factors of 5356368?
2, 3, 4133
What are the prime factors of 570423?
3, 7, 23, 1181
What are the prime factors of 699807?
3, 89, 2621
What are the prime factors of 2294667?
3, 254963
What are the prime factors of 31950875?
5, 11, 19, 1223
What are the prime factors of 318349?
318349
List the prime factors of 405388.
2, 101347
What are the prime factors of 12003859?
7, 1714837
List the prime factors of 775992.
2, 3, 7, 31, 149
List the prime factors of 13132346.
2, 233, 28181
List the prime factors of 1364611.
59, 101, 229
List the prime factors of 582834.
2, 3, 7, 13877
List the prime factors of 4005434.
2, 47, 42611
What are the prime factors of 165655?
5, 7, 4733
List the prime factors of 1140315.
3, 5, 11, 6911
List the prime factors of 8897314.
2, 4448657
What are the prime factors of 6409298?
2, 7, 9343
What are the prime factors of 1416383?
823, 1721
List the prime factors of 116422.
2, 58211
What are the prime factors of 3829147?
7, 547021
List the prime factors of 11259001.
13, 19, 79, 577
List the prime factors of 16786812.
2, 3, 7, 28549
List the prime factors of 13075343.
113, 251, 461
What are the prime factors of 725522?
2, 7, 29, 1787
What are the prime factors of 2172233?
7, 37, 8387
List the prime factors of 353732.
2, 191, 463
What are the prime factors of 5828519?
41, 142159
What are the prime factors of 304489?
304489
List the prime factors of 726554.
2, 363277
List the prime factors of 348311.
79, 4409
List the prime factors of 48095.
5, 9619
List the prime factors of 1057563.
3, 13, 23, 131
List the prime factors of 223185.
3, 5, 14879
List the prime factors of 18064716.
2, 3, 577, 2609
What are the prime factors of 2762506?
2, 251, 5503
What are the prime factors of 2556472?
2, 223, 1433
What are the prime factors of 4299557?
4299557
What are the prime factors of 13720740?
2, 3, 5, 11, 20789
What are the prime factors of 1354221?
3, 11, 13679
What are the prime factors of 1113305?
5, 19, 11719
List the prime factors of 957406.
2, 17, 29, 971
What are the prime factors of 1860167?
229, 8123
List the prime factors of 1790781.
3, 596927
What are the prime factors of 